2, 7
Suppose -2*n - n = -z + 8, -2*n - 17 = -3*z. Let k(h) = z + h - 5 + 1 + 4. What are the prime factors of k(8)?
13
Let l(h) = h**3 + 7*h**2 + 5*h + 4. Let p be l(-6). Suppose -f - p = -5. What are the prime factors of 16/(-10)*f*1?
2
Let m(x) = -9*x**2 + 2. Let b be m(-2). Let r = -25 - b. What are the prime factors of r?
3
Suppose -2*c = -5*j - 54, 0 = -0*j + 2*j - 8. List the prime factors of c.
37
Suppose -6*p + 2118 = -0*p. List the prime factors of p.
353
Suppose -a = -g + 60, -2*g + 305 = -5*a + 2*g. Let p = a + 97. What are the prime factors of p?
2
Let y be (6/1)/(21/(-28)). Suppose 4*m + 60 = -m. What are the prime factors of (-70)/y - 3/m?
3
Let i be 1 - 1 - (1 - 54). Let z = -33 + i. Suppose 2*r - 10 = z. List the prime factors of r.
3, 5
Suppose 4*l - 36 = 2*w, 0 = 4*l + 4*w + 3 - 27. List the prime factors of l.
2
Let o = 6 - -14. List the prime factors of o.
2, 5
Let s(c) = c**3 + 13*c**2 - 5*c - 4. What are the prime factors of s(-13)?
61
Let w be 5 + 0/(-3 + 5). List the prime factors of w - 0/(3 - 2).
5
Suppose 4*c + i = -2*i + 134, 2*c + 5*i = 74. Suppose 10 = 2*b + c. List the prime factors of -3 + 2 - (b - -3).
7
Let s(x) = -3*x - 3. Let l be s(4). Let r = -10 - l. Suppose g - 4*m + 24 = r*g, -4*g - 5*m + 28 = 0. List the prime factors of g.
2
Suppose -3*m = 4*r - 8*m + 421, m = -2*r - 207. Let y = -68 - r. List the prime factors of y.
2, 3
Suppose 0 = 5*q + 1 + 24. Let m(l) = l**3 + 4*l**2 - 6*l - 5. Let d be m(q). Let c = d - -6. List the prime factors of c.
2, 3
Suppose l - 46 = -12. What are the prime factors of l?
2, 17
Let y = 7 + -4. Suppose -y*c + 2*c + 4 = 0. Suppose -4*n = c*s - 4, -2*s + 2*n + 8 = -6. What are the prime factors of s?
2
Let i = -695 + 1010. List the prime factors of i.
3, 5, 7
Suppose 3*f - 1 = 5. Suppose -n + 230 = f*n - x, 5*n + 2*x - 398 = 0. What are the prime factors of n/18 + (-4)/(-6)?
5
Let a(z) = z + 7. Let q = -7 + 12. Let g be a(q). Let v = g - 6. What are the prime factors of v?
2, 3
List the prime factors of 2/6*(9 - -42).
17
List the prime factors of -28*((-21)/12 + 1).
3, 7
What are the prime factors of (3/(-2))/((-4)/160)?
2, 3, 5
What are the prime factors of (-11 - -9) + 62*1?
2, 3, 5
Let s be (-54)/(-10) + (-6)/15. Suppose 15 = -2*q - 3*q. Let c = s + q. List the prime factors of c.
2
Suppose -103 - 47 = -2*m - 2*c, 4*c - 75 = -m. Suppose s - m = -5*n - 29, 2*s = 2*n - 16. List the prime factors of n.
3
Suppose 6*q - 4 = 4*q. Let d(b) = -2 + 12 - q*b**2 - 12*b + b**2. List the prime factors of d(-12).
2, 5
Let n = -43 + 97. What are the prime factors of n?
2, 3
Suppose -4*n = n - 30. Suppose 2*z + n = 4*z. Suppose -z*q - 45 = -8*q. What are the prime factors of q?
3
Let a = -12 - -78. List the prime factors of a.
2, 3, 11
Let s(l) = l - 1. Let c(q) = -5*q + 8. Let x(a) = c(a) + 6*s(a). List the prime factors of x(3).
5
Let y be (-232)/(-5) + (-9)/(-15). Suppose 0 = -2*g + 2*m + 56, -3*g + y = -g + m. What are the prime factors of g?
5
Let d(n) be the third derivative of n**5/60 - 5*n**4/24 - 2*n**2. Let i(v) = -2*v**2 + 5*v + 1. Let m(s) = -3*d(s) - 2*i(s). List the prime factors of m(-6).
2
Let g(q) = -2*q + 3*q - 2*q + 3 - 3*q. What are the prime factors of g(-4)?
19
Let w(x) = x**2 + 5*x - 3. Let m(t) = t**2 - 4*t - 3. Let h be m(3). List the prime factors of w(h).
3
Suppose 9 = 2*d + o, 0*d - 7 = -2*d + o. Suppose -n + d = 2*x - 9, 17 = 4*n + x. Suppose 0 = -4*h + n*b + 45, 2*h - 59 = -3*h + b. List the prime factors of h.
2, 3
Let i = 1 - -2. Suppose u + i*u = 8. What are the prime factors of -2 + 10/(u + 0)?
3
List the prime factors of ((-72)/(-60))/((-4)/(-10)).
3
Let q be 6*12/(-9) + 0. Let g = 19 + q. Let m = g - 7. List the prime factors of m.
2
Suppose 4*p = p. Let q be ((-2)/6)/(11/(-165)). Suppose -y - 4*m + p = -6, -3*y + m + q = 0. List the prime factors of y.
2
Suppose 2*i + 2*g = 3*g, 0 = -i + 5*g. Suppose l + i*l = 0. Suppose l = -4*n + 4*m + 64, 2*n + 4*m - 27 = -n. What are the prime factors of n?
13
Suppose 5*x = 4*x + 6. Let w = 2 + x. List the prime factors of w.
2
List the prime factors of (-2 + (-20)/(-2))*4.
2
Let k = -4 - -9. Suppose 4*b + k*c - 8 = 0, 2*b = 4*b - 5*c + 26. List the prime factors of 15 - (2 + 1 + b).
3, 5
What are the prime factors of (4 - 1) + 86/2?
2, 23
Let b = 18 + -9. Let r(c) = 0*c - 9*c + c**2 + 12 - c**2 + c**2. What are the prime factors of r(b)?
2, 3
Let z(u) = -u**2 + 5*u + 1. Let d be z(4). Suppose w = d - 3. Suppose -10 = 5*o - 4*h, w*o = -0*o - 3*h + 19. What are the prime factors of o?
2
What are the prime factors of (-878)/(-14) - (-4)/14?
3, 7
Let k(a) = -3*a + 165. List the prime factors of k(0).
3, 5, 11
Let m(z) = z + 5. Let b(p) = p**2 - 5*p - 6. Let y be b(6). Let n be m(y). Let x(j) = j**2 - 2*j - 2. List the prime factors of x(n).
13
Suppose -2*t - g = -5*t + 686, 4*g = 5*t - 1155. What are the prime factors of t?
227
Let k be 82/5 - 14/35. Suppose 4*j = -5*s + 14, s + k = 2*j - s. What are the prime factors of j?
2, 3
Let j(r) = -55*r**3 + r**2 + 2*r + 2. List the prime factors of j(-1).
2, 7
Let w(u) = u - 3*u - u - 10. Let v be w(-7). Suppose 5*q + n - v = 2*n, 3*q - 4*n = -7. List the prime factors of q.
3
Suppose 5*j - 300 = 5*g, -6*j = -4*j - g - 122. What are the prime factors of j?
2, 31
Suppose 3*j + f = 65, 0*j = -3*j + 2*f + 77. Suppose -3*n + j = 2. What are the prime factors of n?
7
Let v(o) = o**3 + o**2 - o**3 - o**3 - o + 2*o**3 + 40. Let w be v(0). Suppose -2*k = 2*k - w. What are the prime factors of k?
2, 5
Let b = 717 - 393. What are the prime factors of b?
2, 3
Suppose 0*p + 40 = 4*p - 5*m, -4*m - 11 = p. Let y be p*(-1 + 2) + -2. Suppose -35 = -2*q - y*q. What are the prime factors of q?
7
Suppose -5*k - c - 4*c = -1380, 20 = 5*c. What are the prime factors of k?
2, 17
Let y(h) = h**2 + 5*h + 4. Let x be y(-6). Let z = x + -4. List the prime factors of (-204)/(-18)*z/4.
17
Let r = 32 + -22. Let k be r*((-3)/(-6) - 0). Suppose -k*w + 2*w + 4*h + 19 = 0, 0 = 5*w - h - 60. What are the prime factors of w?
13
Suppose -2*m - 2*m - 2*s + 18 = 0, 0 = 4*s - 20. Let b(y) = 0*y + 4 + 7*y**2 + 3*y - m*y**2 + y**3. What are the prime factors of b(-4)?
2
Let j = 188 - 87. What are the prime factors of j?
101
Let j be -7 - (-1 + 0)*1. Let y = -6 - j. Suppose -w + 4 + 7 = y. List the prime factors of w.
11
Let g = -142 + 395. What are the prime factors of g?
11, 23
Let k be (-611)/91 - (-2)/(-7). List the prime factors of k - -7 - -32*1.
2
Suppose -3*m + 3 = -3. Let y be 11/(88/(-12))*(-32)/2. Suppose -m*s - 3*w = -y, -3*w = -4*w - 2. List the prime factors of s.
3, 5
Let h(i) = 24*i - 10. What are the prime factors of h(4)?
2, 43
Let g = 7 + -7. Let l be (0/3 + g)/1. What are the prime factors of 15 + (2/1 - l)?
17
Let r be 12/16*(3 - -5). Let a = 1 - 2. Let y = a + r. List the prime factors of y.
5
Let k(x) = 5*x**2 + 1. Suppose -1 = 4*d + 3. List the prime factors of k(d).
2, 3
Let d = 15 - -45. List the prime factors of d.
2, 3, 5
Suppose -4*f - 89 = -37. Let b = -8 - f. List the prime factors of b.
5
Let s be (2*1)/(16/24). Suppose b - 64 = -s*b. What are the prime factors of b?
2
Let p = -3 - -2. Let g be (-1)/(p/(0 + 1)). List the prime factors of 6 + g + -2 - -2.
7
What are the prime factors of 87*(5/(-10))/(3/(-2))?
29
Let f(d) = d**2 - 5*d - 2. Let c be f(5). Let u = c - -13. List the prime factors of u.
11
Let k(y) = y**3 - 5*y**2 + 3*y - 5. List the prime factors of k(6).
7
Let t = 72 - 39. List the prime factors of t.
3, 11
Let q(l) = 3 - 4*l - 4 + 4*l**3 - 3*l**3 + 4 + l**2. What are the prime factors of q(3)?
3
Let s(w) = w - 2. Let j be s(5). Let l = j - -20. Suppose -4*d + 8 = 0, -30 - l = -5*z - 4*d. What are the prime factors of z?
3
Let a be 1*(1 - (2 - 2)). Let g = 8 - a. What are the prime factors of g?
7
Let j = -1 - -3. Let m(f) = 0*f**j + 2*f**2 + 3 + 0*f - 3*f. List the prime factors of m(2).
5
What are the prime factors of (81/2)/((-60)/(-80))?
2, 3
Let i(w) = 2*w**2 + 2*w - 3. Let j be i(-3). Suppose j = 5*b - 1. Suppose 0 = -b*d - 2*z + 7*z - 11, 4*z = 2*d + 8. List the prime factors of d.
2
Suppose 0 = -3*o, 2*v - 340 = -2*v + 2*o. Suppose 0 = 5*w + 25 - v. What are the prime factors of w?
2, 3
Let x = 2 - -118. What are the prime factors of x?
2, 3, 5
Let y = -10 + 